{"id":280,"date":"2025-05-10T09:29:10","date_gmt":"2025-05-10T09:29:10","guid":{"rendered":"https:\/\/doninu.eu\/?page_id=280"},"modified":"2025-05-21T14:22:59","modified_gmt":"2025-05-21T14:22:59","slug":"thanks-noticeboard","status":"publish","type":"page","link":"https:\/\/doninu.eu\/?page_id=280","title":{"rendered":"THANKS NOTICEBOARD"},"content":{"rendered":"\n<figure class=\"wp-block-video\"><video height=\"720\" style=\"aspect-ratio: 1280 \/ 720;\" width=\"1280\" controls src=\"https:\/\/doninu.eu\/wp-content\/uploads\/2025\/05\/A.THANKYOU-SMALL-2.mp4\"><\/video><\/figure>\n\n\n\n<h3 class=\"wp-block-heading\"><strong>A Heartfelt Thank You<\/strong><\/h3>\n\n\n\n<p>This page is dedicated to expressing our sincere gratitude to all those who care about vulnerable individuals. Words are not enough to thank you for all you do to support these vulnerable families and children in need.<\/p>\n\n\n\n<p>Many of you already know how we operate, because for some, this is not the first time you\u2019ve collaborated with us. As we always make clear: <strong>we do not collect money<\/strong>, as doing so would put us in violation of the law. However, we gladly accept <strong>donations in the form of food and essential goods<\/strong> \u2014 as long as no money is involved, this support is always welcome.<\/p>\n\n\n\n<p>Although Doninu (Malta) International is <strong>not registered with the Commissioner for Voluntary Organisations (CVO)<\/strong>, the law still protects our right to continue helping these people <strong>without interference or obstruction<\/strong>. Everything is clearly written in our statute, including the laws that safeguard our mission.<\/p>\n\n\n\n<p>Here is the link to our statute: <a href=\"https:\/\/doninu.eu\/?page_id=53\">Statutes: \u2013 DONINU (MALTA) INTERNATIONAL<\/a><\/p>\n\n\n\n<h1 class=\"wp-block-heading has-text-align-center\"><strong>A Poem of Thanks<\/strong><\/h1>\n\n\n\n<p class=\"has-text-align-center\">To every soul who gives their time,<br>With honest heart and hands that climb,<br>To build, to serve, to spread the light\u2014<br>You make the darkest moments bright.<\/p>\n\n\n\n<p class=\"has-text-align-center\">For kindness shown in simple ways,<br>For lifting others through your days,<br>For every smile, for work well done,<br>For battles faced and courage won.<\/p>\n\n\n\n<p class=\"has-text-align-center\">We thank you not just with our voice,<br>But in our spirit, in our choice\u2014<br>To stand with you, to walk your path,<br>And echo love in every laugh.<\/p>\n\n\n\n<p class=\"has-text-align-center\">So here\u2019s our verse, both soft and true,<br>A humble offering just for you.<br>May joy be yours, and peace be near\u2014<br>Thank you, friend, for being here.<br><br>Words by Doninu <\/p>\n\n\n\n<p><\/p>\n\n\n\n<h3 class=\"wp-block-heading\"><strong>Malti<\/strong><\/h3>\n\n\n\n<p><strong>Messagg ta\u2019 Radd ta\u2019 \u0126ajr<\/strong><br>Doninu (Malta) International tixtieq tirringrazzja minn qalbha lil Ms. Marianne Sacco u lill-missiera li wasslu x-xirja g\u0127al nies vulnerabbli g\u0127andna, biex tkun tista\u2019 titqassam lil min hu fil-b\u017conn.<br>Ringrazzjament spe\u010bjali lill-Partit AHWA MALTIN, li b\u2019\u0121enero\u017cit\u00e0 kbira \u0121abru l-fondi bejniethom sabiex jixtru din ix-xirja. Minn dan il-\u0121est nobbli se jibbenefikaw tfal u familji li jinsabu fil-b\u017conn.<br><strong>Grazzi minn qalbi,<\/strong><br><strong>Chev. Jean Pierre Calleja<\/strong><br>Fundatur u Leader ta\u2019 Doninu (Malta) International<\/p>\n\n\n\n<hr class=\"wp-block-separator has-alpha-channel-opacity\"\/>\n\n\n\n<h3 class=\"wp-block-heading\"><strong>English<\/strong><\/h3>\n\n\n\n<p><strong>Message of Appreciation<\/strong><br>Doninu (Malta) International would like to express heartfelt thanks to Ms. Marianne Sacco and her father, who delivered groceries for vulnerable people, to be distributed to those in need.<br>A special thank you also goes to the AHWA MALTIN Party, who generously raised funds among themselves to purchase these items. Thanks to this noble gesture, children and families in need will benefit.<br><strong>With heartfelt gratitude,<\/strong><br><strong>Chev. Jean Pierre Calleja<\/strong><br>Founder and Leader of Doninu (Malta) International<\/p>\n\n\n<div class=\"wp-block-image\">\n<figure class=\"aligncenter size-large\"><img loading=\"lazy\" decoding=\"async\" width=\"1024\" height=\"640\" src=\"https:\/\/doninu.eu\/wp-content\/uploads\/2025\/05\/xirja-ahwa-maltin-1-1024x640.jpg\" alt=\"\" class=\"wp-image-1092\" srcset=\"https:\/\/doninu.eu\/wp-content\/uploads\/2025\/05\/xirja-ahwa-maltin-1-1024x640.jpg 1024w, https:\/\/doninu.eu\/wp-content\/uploads\/2025\/05\/xirja-ahwa-maltin-1-300x188.jpg 300w, https:\/\/doninu.eu\/wp-content\/uploads\/2025\/05\/xirja-ahwa-maltin-1-768x480.jpg 768w, https:\/\/doninu.eu\/wp-content\/uploads\/2025\/05\/xirja-ahwa-maltin-1-1536x960.jpg 1536w, https:\/\/doninu.eu\/wp-content\/uploads\/2025\/05\/xirja-ahwa-maltin-1.jpg 1920w\" sizes=\"auto, (max-width: 767px) 89vw, (max-width: 1000px) 54vw, (max-width: 1071px) 543px, 580px\" \/><\/figure>\n<\/div>\n\n\n<h3 class=\"wp-block-heading\"><strong>To the Generous People of Malta and Gozo<\/strong><\/h3>\n\n\n\n<p>From the bottom of our hearts, we sincerely thank the <strong>Sacco Family (Marianne)<\/strong> who, together with her friends and other kind-hearted individuals, showed great generosity by providing food supplies that were distributed to families facing hardship.<\/p>\n\n\n\n<p>Heartfelt thanks to all of you \u2014 true friends of the vulnerable. Your support has helped ease the burden of some of our fellow Maltese.<\/p>\n\n\n\n<p>On behalf of the children and families who benefitted from this assistance, we send you our deepest and most sincere gratitude.<\/p>\n\n\n\n<p><strong>The Team at Doninu (Malta) International<\/strong><\/p>\n\n\n\n<figure class=\"wp-block-image size-full\"><img loading=\"lazy\" decoding=\"async\" width=\"843\" height=\"527\" src=\"https:\/\/doninu.eu\/wp-content\/uploads\/2025\/05\/495236328_122169114614334957_7902754226202625599_n.jpg\" alt=\"\" class=\"wp-image-290\" srcset=\"https:\/\/doninu.eu\/wp-content\/uploads\/2025\/05\/495236328_122169114614334957_7902754226202625599_n.jpg 843w, https:\/\/doninu.eu\/wp-content\/uploads\/2025\/05\/495236328_122169114614334957_7902754226202625599_n-300x188.jpg 300w, https:\/\/doninu.eu\/wp-content\/uploads\/2025\/05\/495236328_122169114614334957_7902754226202625599_n-768x480.jpg 768w\" sizes=\"auto, (max-width: 767px) 89vw, (max-width: 1000px) 54vw, (max-width: 1071px) 543px, 580px\" \/><\/figure>\n\n\n\n<h1 class=\"wp-block-heading has-text-align-center\"><strong>A Thank You to Marianne and Friends<\/strong><\/h1>\n\n\n\n<p class=\"has-text-align-center\">To Marianne and friends so dear,<br>Whose hearts bring hope and wipe each tear,<br>You care for those with little light,<br>And fill their days with love so bright.<\/p>\n\n\n\n<p class=\"has-text-align-center\">For every child you&#8217;ve helped to smile,<br>For walking that extra selfless mile,<br>We thank you deeply, every day,<br>And for your joy, to God we pray.<\/p>\n\n\n\n<p class=\"has-text-align-center\">\u2014 <strong>With gratitude, Doninu<\/strong><\/p>\n\n\n\n<figure class=\"wp-block-embed is-type-video is-provider-youtube wp-block-embed-youtube wp-embed-aspect-16-9 wp-has-aspect-ratio\"><div class=\"wp-block-embed__wrapper\">\n<iframe loading=\"lazy\" title=\"GRAZZI LILL POPLU MALTI U GHAWDXI KOLLU\" width=\"525\" height=\"295\" src=\"https:\/\/www.youtube.com\/embed\/P309eIxV6LY?feature=oembed\" frameborder=\"0\" allow=\"accelerometer; autoplay; clipboard-write; encrypted-media; gyroscope; picture-in-picture; web-share\" referrerpolicy=\"strict-origin-when-cross-origin\" allowfullscreen><\/iframe>\n<\/div><\/figure>\n","protected":false},"excerpt":{"rendered":"<p>A Heartfelt Thank You This page is dedicated to expressing our sincere gratitude to all those who care about vulnerable individuals. Words are not enough to thank you for all you do to support these vulnerable families and children in need. Many of you already know how we operate, because for some, this is not &hellip; <\/p>\n<p class=\"link-more\"><a href=\"https:\/\/doninu.eu\/?page_id=280\" class=\"more-link\">Continue reading<span class=\"screen-reader-text\"> &#8220;THANKS NOTICEBOARD&#8221;<\/span><\/a><\/p>\n","protected":false},"author":1,"featured_media":0,"parent":0,"menu_order":0,"comment_status":"closed","ping_status":"closed","template":"","meta":{"footnotes":""},"class_list":["post-280","page","type-page","status-publish","hentry"],"_links":{"self":[{"href":"https:\/\/doninu.eu\/index.php?rest_route=\/wp\/v2\/pages\/280","targetHints":{"allow":["GET"]}}],"collection":[{"href":"https:\/\/doninu.eu\/index.php?rest_route=\/wp\/v2\/pages"}],"about":[{"href":"https:\/\/doninu.eu\/index.php?rest_route=\/wp\/v2\/types\/page"}],"author":[{"embeddable":true,"href":"https:\/\/doninu.eu\/index.php?rest_route=\/wp\/v2\/users\/1"}],"replies":[{"embeddable":true,"href":"https:\/\/doninu.eu\/index.php?rest_route=%2Fwp%2Fv2%2Fcomments&post=280"}],"version-history":[{"count":5,"href":"https:\/\/doninu.eu\/index.php?rest_route=\/wp\/v2\/pages\/280\/revisions"}],"predecessor-version":[{"id":1093,"href":"https:\/\/doninu.eu\/index.php?rest_route=\/wp\/v2\/pages\/280\/revisions\/1093"}],"wp:attachment":[{"href":"https:\/\/doninu.eu\/index.php?rest_route=%2Fwp%2Fv2%2Fmedia&parent=280"}],"curies":[{"name":"wp","href":"https:\/\/api.w.org\/{rel}","templated":true}]}}